9 - 55. Let o be (-2)/(-8) + (-33)/(-12). Suppose -o*g + l*s + 183 = -60, 0 = -3*g - 2*s + 225. What are the prime factors of g?
7, 11
Let p = 5834 - 3008. List the prime factors of p.
2, 3, 157
Let a = 57 - 66. Let g be 275/(-20) + a/(-12). Let u(h) = 2*h**2 + 24*h - 6. What are the prime factors of u(g)?
2, 5
Suppose 3*n = 3*p + 4*n - 42, 3*p - 42 = 4*n. Let d(b) = -b**2 + 51*b - 13. What are the prime factors of d(p)?
5, 101
Suppose 5*x + 2 + 15 = -2*r, -5*x = -4*r - 19. What are the prime factors of 4/r + -1 + (-8604)/(-27)?
317
Let c(y) = 3*y**2 + 10*y - 3. Let a be c(-4). Suppose 0 = -a*f + 19 + 3956. List the prime factors of f.
3, 5, 53
Suppose 304*c = 315*c + 1507. Let v = -46 - -277. Let k = v + c. List the prime factors of k.
2, 47
Suppose 4*i + 2*i = 18. Let j(z) = 5*z + z**3 - 6 - 15*z + 11 - i*z**2. What are the prime factors of j(6)?
53
Let c(i) = 18*i - 30. Let p be c(4). Let q be (-1 + 0)/((-5)/105). Let y = q + p. What are the prime factors of y?
3, 7
Suppose 4*l - 9 = -1, -3*a - 4*l + 11 = 0. What are the prime factors of (284 + -1)/(-1 + (3 - a))?
283
Let i(n) be the second derivative of n**5/20 - 5*n**4/6 + 7*n**3/3 + 13*n**2 + 2*n - 11. List the prime factors of i(8).
2, 5
Let q = -769 - -765. Let j(r) = -19*r**3 + 34*r**2 + 7*r + 12. List the prime factors of j(q).
2, 109
Suppose p + 174952 = 5*w, -p = w - 25065 - 9923. List the prime factors of w.
2, 5, 3499
Let t(d) = 25*d - 25. Suppose -x + 14 = 17. Let c = 1 - x. List the prime factors of t(c).
3, 5
Let t(y) = -2*y**3 + 8*y**2 - y - 13. Let m be t(5). Let i = m + 68. Suppose 3*d + l = 298, 4*d + i*l + 4*l = 408. What are the prime factors of d?
2, 7
Let a(y) = 34*y + 100. Let n be a(-15). Let q = -151 - n. List the prime factors of q.
7, 37
Suppose -303*k = -231*k - 1075608. What are the prime factors of k?
14939
Let t = 1072 + -987. Suppose -3*i + 5*f = -5*i - 26, 0 = i + 5*f + 18. Let v = i + t. What are the prime factors of v?
7, 11
Let k(t) = -t**2 - 13*t + 5. Let m be -2*(4 - 5/(-2)). Let j be k(m). Suppose -j*z = -412 - 38. What are the prime factors of z?
2, 3, 5
What are the prime factors of 3496 + 15/((-105)/28)?
2, 3, 97
Let o(a) = -2 - 9*a**3 - 3*a**3 + 8*a - 3 + 23*a**2 + 13*a**3. What are the prime factors of o(-22)?
3, 101
Suppose -21*y + 9081 = -26*y + 14*y. What are the prime factors of y?
1009
List the prime factors of (-11 - (-75)/7) + 281305/35.
3, 19, 47
Suppose -284 - 1245 = -11*f. Suppose -8*s = b - 4*s - f, -596 = -4*b + 4*s. What are the prime factors of b?
3, 7
Suppose 0 = -5*n + h + 53388, -h + 14559 = n + 3879. List the prime factors of n.
2, 19, 281
Suppose 4*s = -1586*u + 1588*u + 56772, -5*u = -s + 14220. What are the prime factors of s?
2, 3, 5, 11, 43
Suppose -5*f - 4*t - 6 = 0, 3*f = -0*t - 4*t - 2. Let d(o) = -247*o + 21. List the prime factors of d(f).
5, 103
Suppose v - 3*z = -9 + 3, z = 3*v + 18. What are the prime factors of 2 + (602 - (-1 - v))?
599
Let u(i) = 5*i - 32. Let c be u(8). Suppose -c*l + 1038 = -1786. What are the prime factors of l?
353
Let q(f) = -f**3 + 44*f**2 + 381*f + 77. List the prime factors of q(48).
7, 1307
Suppose 11*c - 4172 = 5728. Suppose 2*f - 240 = 2*y - c, -2*f - 645 = y. Let l = 461 + f. What are the prime factors of l?
2, 17
Suppose 4*r - 6*r = 0. Suppose 2*d = 5*b + 34 - 36, -3*d = -3*b - 6. Suppose d*g = 3*u + 132, r*g - 2*g - 2*u + 52 = 0. What are the prime factors of g?
2, 3, 5
List the prime factors of 2/((-2)/(-5)) - (-938 + 179).
2, 191
Suppose -5*t = 5*a - 45, -t = 1 - 5. Suppose -5*i - 5*n + 1645 = 0, -4*n = -a*i + n + 1645. What are the prime factors of i?
7, 47
Suppose 3*s = -5*r + 4*r - 15, 15 = -4*r - 3*s. Suppose -19*x - 8*x + 12420 = r. What are the prime factors of x?
2, 5, 23
Suppose -2*l + 6 = -0. Suppose -3*h - 3*y + 30 = 0, -2*h + 5 = l*h - 4*y. Suppose -w + h*z = 14, 11*z - 6*z - 26 = -w. What are the prime factors of w?
2, 3
Suppose 2*x + o = 3, o + 3 = -0*o. Let t be 2/((-1128)/(-375) - x). Let h = -75 + t. List the prime factors of h.
5, 7
Suppose -c = 2*h + 2, 2*c + 0 = -2*h + 2. Let d be 2640/(-45)*(4 - 21/12). Let s = c - d. What are the prime factors of s?
2, 17
Let m = -25 + 28. Suppose 3*n = i + 7, 2*i - 2 = -m*n + 2. Suppose -3*t + 590 = 2*t + n*v, -4*v = 2*t - 236. List the prime factors of t.
2, 59
Suppose -4*c = -3*g - 77468 - 91124, -2*g = 7*c - 295094. List the prime factors of c.
2, 7, 3011
Let q = 72939 + -48287. List the prime factors of q.
2, 6163
What are the prime factors of (-3)/30*-79930 - (7 + -6 + 3)?
3, 2663
Suppose 1610*l = 1617*l. Suppose l = -12*d + 19 + 7313. List the prime factors of d.
13, 47
Let w be (-899 - -4)*(11 + -6 + -4). Let n = 1647 + w. What are the prime factors of n?
2, 47
Let l = 626 + -76. Let f(w) = -12*w + 216. Let y be f(18). Suppose -3*t + 14*t - l = y. List the prime factors of t.
2, 5
What are the prime factors of 6 - (-13834)/(-5)*(-220)/88?
7, 23, 43
Let d be 42/11 + (5 - 371/77). Suppose -1360 = -d*s - 4*i + 1336, -s + 677 = -2*i. List the prime factors of s.
3, 5
Let m(r) = 729*r**2 - 55*r + 24. What are the prime factors of m(-2)?
2, 5, 61
Let q = 21 - 19. Suppose -4*f - 559 = -0*j - 3*j, -q*j + 374 = -3*f. Suppose -5*a + 5 = 0, -4*u - u = a - j. What are the prime factors of u?
2, 3
Let k = -68 - -64. Let z be (k/(-14))/(13/(-91)). What are the prime factors of ((-56)/84)/(z/609)?
7, 29
Let q(a) = 2*a**2 - 11*a - 18. Let r be q(24). Suppose -33*i - r = -38*i. List the prime factors of i.
2, 3, 29
Let w(j) = -j**3 - 6*j**2 - 10*j - 1. Let q be w(-6). Suppose -3*v - 4*k + 232 = 0, -5*k = -2*v + 3*v - q. List the prime factors of v.
2, 3, 7
Suppose -4*r + 4*m + 384 = 0, -4*r - 4*m = r - 480. Suppose -r = 4*f - 432. Let o = f - 39. What are the prime factors of o?
3, 5
Let r(n) = n + 995*n**3 - 275 + 6*n + 267. List the prime factors of r(1).
2, 7, 71
Let o(z) = 330*z - 2123. What are the prime factors of o(66)?
11, 1787
Suppose 1457*f - 7755 = 1454*f. What are the prime factors of f?
5, 11, 47
Let c be (-6)/(-8) - 54/72. Suppose c = -14*y - 28. What are the prime factors of 1 + 2/y + (-2 - -18)?
2
Let t(b) = 2*b**3 + 4*b**2 - 3*b + 9. Let n be t(-4). Let l = n + 61. Suppose -25*w + 1246 = -l*w. List the prime factors of w.
2, 89
Suppose -10*j + 87213 = 27*j - 228027. List the prime factors of j.
2, 3, 5, 71
Let m(z) = -742*z + 1247. What are the prime factors of m(-8)?
11, 653
Let d(b) = 124*b - 32. Let n be d(20). Suppose -4*a + 10*a = n. List the prime factors of a.
2, 3, 17
Let f be 450/20*6*100/(-6). Let o = -1195 - f. What are the prime factors of o?
5, 211
Suppose 5*s = -4*m + 24376, 8 = 572*m - 570*m. What are the prime factors of s?
2, 3, 7, 29
Suppose 0*x = 2*x - 10. Suppose m + 5*r = 2, 0*r = -5*r + x. List the prime factors of 1/m + (-1)/(-6)*74.
2, 3
Suppose -23*i - 4 + 50 = 0. What are the prime factors of i*9/81 - 4129/(-9)?
3, 17
Suppose -1877965 - 1316261 = -216*b + 382086. What are the prime factors of b?
3, 5519
Suppose -l - 4950 = 10*l. Let g = 881 + l. What are the prime factors of g?
431
Suppose 267*f = 14411189 + 2647919 - 1659082. What are the prime factors of f?
2, 3, 9613
Let o = 214 - -413. Let v = o + -277. List the prime factors of v.
2, 5, 7
Let r(n) = n**3 + n**2 - n - 1. Let w be r(0). Let l(h) = -174*h**3 - 2*h**2 + 1. List the prime factors of l(w).
173
Let b = 241 + -233. Suppose b*m - 1068 = 4124. List the prime factors of m.
11, 59
Suppose 10645*z + 116376 = 10658*z. List the prime factors of z.
2, 3, 373
Let a be 1*(18/63 - (-38)/14). What are the prime factors of (8055/(-2))/a*(-8)/12?
5, 179
Let r = 272 - 272. Suppose r*g - 2849 = -4*g - 5*c, 0 = c - 5. What are the prime factors of g?
2, 353
Suppose -a + 50 = -4*a - 2*j, -5*a - 2*j = 78. Let o be a*5/(-20)*(0 + -2). List the prime factors of (o/14)/(-1 - 7/(-8)).
2
Let l = 119485 - 74303. What are the prime factors of l?
2, 19, 29, 41
Suppose -2*g - 19*t + 35 = -16*t, 0 = -4*g + 4*t + 40. Suppose -g*i + 1275 = 40. Suppose 10*o = i - 15. List the prime factors of o.
2
Let d(b) = 749*b**3 + 3*b**2 - 26*b + 31. List the prime factors of d(2).
31, 193
Let j(b) = -14*b + 15*b - 9*b + 7*b**3 - b**2 - 11*b. List the prime factors of j(6).
2, 3, 227
Let i(x) be the third derivative of x**6/120 + 11*x**5/30 + 31*x**4/24 + 5*x**3/6 + 127